?
False
Is 2611321 a composite number?
False
Is 13730569 composite?
False
Is 532533 a prime number?
False
Is 3534547 composite?
False
Is 411161951 composite?
True
Is 6061921 a composite number?
False
Is 298043 composite?
False
Is 936577 a composite number?
False
Is 22516567 composite?
False
Is 7745737 composite?
True
Is 75377 a prime number?
True
Is 19311563 a composite number?
True
Is 24496937 composite?
True
Is 5586451 prime?
False
Is 2249477 a composite number?
False
Is 188608171 a prime number?
False
Is 62096429 composite?
True
Is 6868189 composite?
False
Is 6637903 a composite number?
False
Is 306958217 a prime number?
False
Is 11441285 composite?
True
Is 889727 composite?
False
Is 17464453 prime?
True
Is 8503751 a prime number?
True
Is 2139521 prime?
True
Is 324549609 composite?
True
Is 128013163 a prime number?
False
Is 355294021 a prime number?
True
Is 47256169 a prime number?
False
Is 261379 a prime number?
True
Is 4582169 composite?
True
Is 513673 prime?
True
Is 612563 a composite number?
True
Is 53681 a composite number?
False
Is 33439883 a prime number?
True
Is 312790861 composite?
False
Is 390646219 a prime number?
True
Is 2706719 composite?
False
Is 10220479 prime?
False
Is 17148073 prime?
True
Is 6210311 composite?
True
Is 213433043 composite?
True
Is 47115031 a prime number?
True
Is 110147 prime?
False
Is 484464763 composite?
True
Is 1075967171 a prime number?
True
Is 110446657 a composite number?
False
Is 3188369 a prime number?
True
Is 62383753 composite?
False
Is 9057819 prime?
False
Is 118252213 prime?
True
Is 3547721 a prime number?
True
Is 363285931 a prime number?
False
Is 109820077 a composite number?
False
Is 15763067 a composite number?
True
Is 156469 composite?
True
Is 16530127 prime?
True
Is 107121089 composite?
True
Is 9464657 a prime number?
False
Is 309517151 composite?
False
Is 65874019 a composite number?
False
Is 3940643 a prime number?
False
Is 8384729 composite?
False
Is 28324847 prime?
True
Is 30068953 composite?
False
Is 113007313 a prime number?
False
Is 366721 composite?
False
Is 324012433 a composite number?
True
Is 415203199 composite?
True
Is 117462109 prime?
True
Is 28293487 a prime number?
False
Is 106995233 prime?
False
Is 14725603 a composite number?
True
Is 78421757 composite?
False
Is 36810463 composite?
False
Is 2041847 a prime number?
False
Is 628637 a composite number?
True
Is 3770257 a prime number?
True
Is 384082687 composite?
True
Is 21314387 a prime number?
True
Is 955478 prime?
False
Is 1457947 prime?
False
Is 7382549 composite?
False
Is 23693557 a prime number?
True
Is 11457209 composite?
True
Is 59747663 prime?
False
Is 732149711 a composite number?
False
Is 807641 a prime number?
False
Is 1993769 prime?
False
Is 2724973 a prime number?
False
Is 32074849 composite?
False
Is 1525798 prime?
False
Is 7975547 composite?
True
Is 864359 composite?
False
Is 854371 a composite number?
True
Is 83311 prime?
True
Is 2382043 composite?
True
Is 996511 composite?
False
Is 6644341 prime?
False
Is 1186814 a prime number?
False
Is 44264669 a prime number?
True
Is 1929053 prime?
False
Is 33143057 a prime number?
False
Is 12575513 a composite number?
False
Is 12420055 a composite number?
True
Is 191718887 composite?
True
Is 142417489 prime?
True
Is 57832031 composite?
False
Is 42104591 prime?
False
Is 26146885 prime?
False
Is 1277477 composite?
False
Is 4218751 prime?
True
Is 27883227 a prime number?
False
Is 61803061 a composite number?
True
Is 486394 a composite number?
True
Is 5945413 prime?
True
Is 2249777 a prime number?
False
Is 32382017 a prime number?
True
Is 731990873 composite?
False
Is 2716361 a composite number?
True
Is 15424553 a prime number?
True
Is 80141 a composite number?
False
Is 90742934 prime?
False
Is 49353497 a prime number?
True
Is 329347 a prime number?
True
Is 35565779 composite?
False
Is 34013411 prime?
False
Is 83871013 a composite number?
True
Is 37984567 a composite number?
True
Is 1198369 a prime number?
False
Is 314527 prime?
True
Is 3627769 a prime number?
True
Is 181656367 composite?
True
Is 16099451 a prime number?
True
Is 7717951 composite?
False
Is 4855211 a composite number?
False
Is 816191 a composite number?
False
Is 101098181 composite?
True
Is 82415947 a composite number?
False
Is 119665583 a composite number?
False
Is 537977 prime?
False
Is 457732273 a prime number?
True
Is 742269531 prime?
False
Is 1978589 prime?
True
Is 384503755 composite?
True
Is 2154463 a prime number?
False
Is 4976263 a prime number?
True
Is 2549647 a prime number?
True
Is 43465739 composite?
True
Is 1707779 a composite number?
False
Is 529907659 composite?
False
Is 2989339 a prime number?
False
Is 18206785 composite?
True
Is 308161949 a composite number?
True
Is 9439019 prime?
True
Is 2768523571 a prime number?
False
Is 107356681 prime?
False
Is 13357137 composite?
True
Is 8537267 a prime number?
True
Is 21555179 composite?
False
Is 114203533 composite?
True
Is 5897551 prime?
False
Is 15571781 composite?
False
Is 126209591 composite?
False
Is 2586527 a prime number?
False
Is 129009169 prime?
False
Is 347033 prime?
True
Is 898757 a composite number?
True
Is 504989189 prime?
True
Is 940193 prime?
False
Is 175608227 prime?
False
Is 33826049 composite?
False
Is 4403803 a prime number?
True
Is 104946949 prime?
True
Is 186631937 prime?
True
Is 27034067 prime?
False
Is 2657999 a composite number?
False
Is 612551231 composite?
False
Is 66132307 prime?
True
Is 127423 a prime number?
True
Is 226938443 composite?
False
Is 7028963 prime?
True
Is 7417171 composite?
True
Is 89494411 composite?
False
Is 516091 a composite number?
False
Is 749093 a composite number?
False
Is 3495391 a composite number?
True
Is 6213346 a composite number?
True
Is 680831 prime?
True
Is 4580201 composite?
False
Is 26790369 a prime number?
False
Is 14580799 prime?
True
Is 54683661 a composite number?
True
Is 14565037 a composite number?
False
Is 1056063 a composite number?
True
Is 80769707 a prime number?
False
Is 234259 composite?
False
Is 5727791 a composite number?
False
Is 7715581 composite?
True
Is 2378951 prime?
True
Is 89101 a prime number?
True
Is 4382033 composite?
True
Is 63443194 prime?
False
Is 108274655 a prime number?
False
Is 21578371 prime?
True
Is 223409 composite?
True
Is 2761377373 prime?
True
Is 24052159 a composite number?
True
Is 34528843 a prime number?
True
Is 709142489 prime?
False
Is 35218657 a composite number?
False
Is 2298973 composite?
False
Is 15412009 prime?
True
Is 127273 a prime number?
False
Is 32256073 prime?
False
Is 2506585 a composite number?
True
Is 7334809 a prime number?
True
Is 3011881 prime?
True
Is 440423873 composite?
False
Is 2152661 prime?
False
Is 30798233 prime?
False
Is 920197 composite?
False
Is 32781971 prime?
True
Is 296521583 composite?
False
Is 74906267 prime?
False
Is 1509065 prime?
False
Is 297145441 a prime number?
False
Is 8041457 composite?
False
Is 104889533 prime?
False
Is 1118069 prime?
False
Is 296561417 prime?
True
Is 27967573 a prime number?
True
Is 270029 a composite number?
False
Is 89081117 a prime number?
True
Is 15764263 composite?
True
Is 2859641 a prime number?
True
Is 95674791 a composite number?
True
Is 97703 prime?
False
Is 139920719 a composite number?
True
Is 796900801 prime?
True
Is 4889711 prime?
True
Is 17073907 composite?
True
Is 50637947 composite?
False
Is 803882931 prime?
False
Is 296147 a prime number?
False
Is 4993271 composite?
False
Is 525839 a prime number?
True
Is 285787 prime?
False
Is 2111891 a prime number?
False
Is 5988061 prime?
True
Is 7368197 composite?
False
Is 8398911 a prime number?
False
Is 1994227 a prime number?
True
Is 78896899 prime?
True
Is 4782787 prime?
True
Is 8003849 a prime number?
False
Is 17499101 a prime number?
False
Is 16636729 composite?
False
Is 35230649 prime?
True
Is 39496133 a composite number?
False
Is 11442589 composite?
False
Is 87833 composite?
False
Is 43683347 a prime number?
False
Is 987079 composite?
False
Is 18971947 composite?
False
Is 2843713 composite?
True
Is 10209931 a composite number?
False
Is 10008511 a composite number?
False
Is 451445 composite?
True
Is 6495041 composite?
True
Is 12729133 prime?
True
Is 9122657 composite?
False
Is 5340859 composite?
True
Is 1253575111 a prime numb